{"id":20,"date":"2025-01-25T10:41:07","date_gmt":"2025-01-25T15:41:07","guid":{"rendered":"https:\/\/villasolera.es\/?page_id=20"},"modified":"2025-06-05T15:20:36","modified_gmt":"2025-06-05T20:20:36","slug":"rutas","status":"publish","type":"page","link":"https:\/\/villasolera.es\/?page_id=20","title":{"rendered":"Rutas y Opciones"},"content":{"rendered":"\t\t<div data-elementor-type=\"wp-page\" data-elementor-id=\"20\" class=\"elementor elementor-20\" data-elementor-post-type=\"page\">\n\t\t\t\t<div class=\"elementor-element elementor-element-507a101 e-flex e-con-boxed e-con e-parent\" data-id=\"507a101\" data-element_type=\"container\" data-settings=\"{&quot;background_background&quot;:&quot;classic&quot;}\">\n\t\t\t\t\t<div class=\"e-con-inner\">\n\t\t<div class=\"elementor-element elementor-element-56b23f5 e-con-full e-flex e-con e-child\" data-id=\"56b23f5\" data-element_type=\"container\" data-settings=\"{&quot;background_background&quot;:&quot;video&quot;,&quot;background_video_link&quot;:&quot;https:\\\/\\\/youtu.be\\\/nakoqhu61nI?si=NYz_JLPJj8173hAI&quot;,&quot;background_video_start&quot;:20,&quot;background_play_on_mobile&quot;:&quot;yes&quot;}\">\n\t\t<div class=\"elementor-background-video-container\" aria-hidden=\"true\">\n\t\t\t\t\t\t\t<div class=\"elementor-background-video-embed\"><\/div>\n\t\t\t\t\t\t<\/div><div class=\"elementor-element elementor-element-5fe2a78 e-con-full e-flex e-con e-child\" data-id=\"5fe2a78\" data-element_type=\"container\">\n\t\t\t\t<div class=\"elementor-element elementor-element-9c07324 elementor-widget-divider--view-line elementor-widget elementor-widget-divider\" data-id=\"9c07324\" data-element_type=\"widget\" data-widget_type=\"divider.default\">\n\t\t\t\t<div class=\"elementor-widget-container\">\n\t\t\t\t\t\t\t<div class=\"elementor-divider\">\n\t\t\t<span class=\"elementor-divider-separator\">\n\t\t\t\t\t\t<\/span>\n\t\t<\/div>\n\t\t\t\t\t\t<\/div>\n\t\t\t\t<\/div>\n\t\t\t\t<div class=\"elementor-element elementor-element-9ab85b3 elementor-widget elementor-widget-heading\" data-id=\"9ab85b3\" data-element_type=\"widget\" data-widget_type=\"heading.default\">\n\t\t\t\t<div class=\"elementor-widget-container\">\n\t\t\t\t\t<h2 class=\"elementor-heading-title elementor-size-default\">Rutas para realizar<\/h2>\t\t\t\t<\/div>\n\t\t\t\t<\/div>\n\t\t\t\t<div class=\"elementor-element elementor-element-1524bcd elementor-widget elementor-widget-heading\" data-id=\"1524bcd\" data-element_type=\"widget\" data-widget_type=\"heading.default\">\n\t\t\t\t<div class=\"elementor-widget-container\">\n\t\t\t\t\t<h2 class=\"elementor-heading-title elementor-size-default\">desde Villa Solera\n<\/h2>\t\t\t\t<\/div>\n\t\t\t\t<\/div>\n\t\t\t\t<div class=\"elementor-element elementor-element-fbb6da2 elementor-widget elementor-widget-text-editor\" data-id=\"fbb6da2\" data-element_type=\"widget\" data-widget_type=\"text-editor.default\">\n\t\t\t\t<div class=\"elementor-widget-container\">\n\t\t\t\t\t\t\t\t\t<p>Para quienes se alojan en Villa Solera y son amantes de las bicicletas, existe la posibilidad de disfrutar de un emocionante circuito cerrado. Esta ruta inicia en Villa Solera, pasa por El Sabinar y regresa al mismo punto de partida. Es una excelente opci\u00f3n para combinar la comodidad de su estancia con la aventura de explorar paisajes \u00fanicos en bicicleta.<\/p>\t\t\t\t\t\t\t\t<\/div>\n\t\t\t\t<\/div>\n\t\t\t\t<div class=\"elementor-element elementor-element-ef91656 elementor-widget-divider--view-line elementor-widget elementor-widget-divider\" data-id=\"ef91656\" data-element_type=\"widget\" data-widget_type=\"divider.default\">\n\t\t\t\t<div class=\"elementor-widget-container\">\n\t\t\t\t\t\t\t<div class=\"elementor-divider\">\n\t\t\t<span class=\"elementor-divider-separator\">\n\t\t\t\t\t\t<\/span>\n\t\t<\/div>\n\t\t\t\t\t\t<\/div>\n\t\t\t\t<\/div>\n\t\t\t\t<\/div>\n\t\t<div class=\"elementor-element elementor-element-b4b9850 e-con-full e-flex e-con e-child\" data-id=\"b4b9850\" data-element_type=\"container\">\n\t\t\t\t<\/div>\n\t\t\t\t<\/div>\n\t\t\t\t\t<\/div>\n\t\t\t\t<\/div>\n\t\t<div class=\"elementor-element elementor-element-806f475 e-flex e-con-boxed e-con e-parent\" data-id=\"806f475\" data-element_type=\"container\">\n\t\t\t\t\t<div class=\"e-con-inner\">\n\t\t<div class=\"elementor-element elementor-element-2c741e5 e-con-full e-flex e-con e-child\" data-id=\"2c741e5\" data-element_type=\"container\">\n\t\t<div class=\"elementor-element elementor-element-caa668c e-con-full e-flex e-con e-child\" data-id=\"caa668c\" data-element_type=\"container\" data-settings=\"{&quot;background_background&quot;:&quot;classic&quot;}\">\n\t\t\t\t<div class=\"elementor-element elementor-element-0b07668 elementor-widget-divider--view-line elementor-widget elementor-widget-divider\" data-id=\"0b07668\" data-element_type=\"widget\" data-widget_type=\"divider.default\">\n\t\t\t\t<div class=\"elementor-widget-container\">\n\t\t\t\t\t\t\t<div class=\"elementor-divider\">\n\t\t\t<span class=\"elementor-divider-separator\">\n\t\t\t\t\t\t<\/span>\n\t\t<\/div>\n\t\t\t\t\t\t<\/div>\n\t\t\t\t<\/div>\n\t\t\t\t<div class=\"elementor-element elementor-element-8a43743 elementor-widget elementor-widget-image\" data-id=\"8a43743\" data-element_type=\"widget\" data-widget_type=\"image.default\">\n\t\t\t\t<div class=\"elementor-widget-container\">\n\t\t\t\t\t\t\t\t\t\t\t\t\t\t\t<img fetchpriority=\"high\" decoding=\"async\" width=\"300\" height=\"300\" src=\"https:\/\/villasolera.es\/wp-content\/uploads\/2025\/01\/biken_Mesa-de-trabajo-1-1-300x300.png\" class=\"attachment-medium size-medium wp-image-189\" alt=\"\" srcset=\"https:\/\/villasolera.es\/wp-content\/uploads\/2025\/01\/biken_Mesa-de-trabajo-1-1-300x300.png 300w, https:\/\/villasolera.es\/wp-content\/uploads\/2025\/01\/biken_Mesa-de-trabajo-1-1-100x100.png 100w, https:\/\/villasolera.es\/wp-content\/uploads\/2025\/01\/biken_Mesa-de-trabajo-1-1-600x600.png 600w, https:\/\/villasolera.es\/wp-content\/uploads\/2025\/01\/biken_Mesa-de-trabajo-1-1-1024x1024.png 1024w, https:\/\/villasolera.es\/wp-content\/uploads\/2025\/01\/biken_Mesa-de-trabajo-1-1-150x150.png 150w, https:\/\/villasolera.es\/wp-content\/uploads\/2025\/01\/biken_Mesa-de-trabajo-1-1-768x768.png 768w, https:\/\/villasolera.es\/wp-content\/uploads\/2025\/01\/biken_Mesa-de-trabajo-1-1-1536x1536.png 1536w, https:\/\/villasolera.es\/wp-content\/uploads\/2025\/01\/biken_Mesa-de-trabajo-1-1-2048x2048.png 2048w\" sizes=\"(max-width: 300px) 100vw, 300px\" \/>\t\t\t\t\t\t\t\t\t\t\t\t\t\t\t<\/div>\n\t\t\t\t<\/div>\n\t\t\t\t<div class=\"elementor-element elementor-element-52d4a68 elementor-widget-divider--view-line elementor-widget elementor-widget-divider\" data-id=\"52d4a68\" data-element_type=\"widget\" data-widget_type=\"divider.default\">\n\t\t\t\t<div class=\"elementor-widget-container\">\n\t\t\t\t\t\t\t<div class=\"elementor-divider\">\n\t\t\t<span class=\"elementor-divider-separator\">\n\t\t\t\t\t\t<\/span>\n\t\t<\/div>\n\t\t\t\t\t\t<\/div>\n\t\t\t\t<\/div>\n\t\t\t\t<\/div>\n\t\t<div class=\"elementor-element elementor-element-93c96de e-con-full e-flex e-con e-child\" data-id=\"93c96de\" data-element_type=\"container\" data-settings=\"{&quot;background_background&quot;:&quot;classic&quot;}\">\n\t\t\t\t<div class=\"elementor-element elementor-element-0851469 elementor-widget-divider--view-line elementor-widget elementor-widget-divider\" data-id=\"0851469\" data-element_type=\"widget\" data-widget_type=\"divider.default\">\n\t\t\t\t<div class=\"elementor-widget-container\">\n\t\t\t\t\t\t\t<div class=\"elementor-divider\">\n\t\t\t<span class=\"elementor-divider-separator\">\n\t\t\t\t\t\t<\/span>\n\t\t<\/div>\n\t\t\t\t\t\t<\/div>\n\t\t\t\t<\/div>\n\t\t\t\t<div class=\"elementor-element elementor-element-a6098a9 elementor-widget elementor-widget-text-editor\" data-id=\"a6098a9\" data-element_type=\"widget\" data-widget_type=\"text-editor.default\">\n\t\t\t\t<div class=\"elementor-widget-container\">\n\t\t\t\t\t\t\t\t\t<p>En <b>colaboraci\u00f3n<\/b> con nuestra <b>marca aliada Bikeingo<\/b> , ofrecemos a nuestros usuarios la posibilidad de alquilar bicicletas y <b>disfrutar de diversos recorridos guiados<\/b>. Esta alianza <b>garantiza<\/b> una experiencia \u00fanica, combinando aventura y comodidad para <b>explorar los mejores paisajes<\/b> de la regi\u00f3n de manera segura y divertida. \u00a1An\u00edmate a descubrir nuevas rutas con nosotros!<\/p>\t\t\t\t\t\t\t\t<\/div>\n\t\t\t\t<\/div>\n\t\t\t\t<div class=\"elementor-element elementor-element-b19838a elementor-widget-divider--view-line elementor-widget elementor-widget-divider\" data-id=\"b19838a\" data-element_type=\"widget\" data-widget_type=\"divider.default\">\n\t\t\t\t<div class=\"elementor-widget-container\">\n\t\t\t\t\t\t\t<div class=\"elementor-divider\">\n\t\t\t<span class=\"elementor-divider-separator\">\n\t\t\t\t\t\t<\/span>\n\t\t<\/div>\n\t\t\t\t\t\t<\/div>\n\t\t\t\t<\/div>\n\t\t\t\t<\/div>\n\t\t<div class=\"elementor-element elementor-element-e0cd672 e-con-full e-flex e-con e-child\" data-id=\"e0cd672\" data-element_type=\"container\" data-settings=\"{&quot;background_background&quot;:&quot;classic&quot;}\">\n\t\t\t\t<div class=\"elementor-element elementor-element-69687bb elementor-widget elementor-widget-text-editor\" data-id=\"69687bb\" data-element_type=\"widget\" data-widget_type=\"text-editor.default\">\n\t\t\t\t<div class=\"elementor-widget-container\">\n\t\t\t\t\t\t\t\t\t<p>bikeingoelcampello@gmail.com<br>Calle <b>San Ram\u00f3n 76, El Campello<\/b><br>WhatsApp <b>624 036 934<\/b><\/p>\t\t\t\t\t\t\t\t<\/div>\n\t\t\t\t<\/div>\n\t\t\t\t<\/div>\n\t\t\t\t<\/div>\n\t\t\t\t\t<\/div>\n\t\t\t\t<\/div>\n\t\t<div class=\"elementor-element elementor-element-294b7cf e-flex e-con-boxed e-con e-parent\" data-id=\"294b7cf\" data-element_type=\"container\">\n\t\t\t\t\t<div class=\"e-con-inner\">\n\t\t<div class=\"elementor-element elementor-element-ecd3087 e-con-full e-flex e-con e-child\" data-id=\"ecd3087\" data-element_type=\"container\">\n\t\t\t\t<div class=\"elementor-element elementor-element-830d14e elementor-widget elementor-widget-html\" data-id=\"830d14e\" data-element_type=\"widget\" data-widget_type=\"html.default\">\n\t\t\t\t<div class=\"elementor-widget-container\">\n\t\t\t\t\t<iframe width=\"560\" height=\"315\" src=\"https:\/\/www.youtube.com\/embed\/KWOeva_VNa8?si=t8ed1hu5tGgXPviq\" title=\"YouTube video player\" frameborder=\"0\" allow=\"accelerometer; autoplay; clipboard-write; encrypted-media; gyroscope; picture-in-picture; web-share\" referrerpolicy=\"strict-origin-when-cross-origin\" allowfullscreen><\/iframe>\t\t\t\t<\/div>\n\t\t\t\t<\/div>\n\t\t\t\t<\/div>\n\t\t<div class=\"elementor-element elementor-element-db64e1e e-con-full e-flex e-con e-child\" data-id=\"db64e1e\" data-element_type=\"container\" data-settings=\"{&quot;background_background&quot;:&quot;classic&quot;}\">\n\t\t<div class=\"elementor-element elementor-element-50310bf e-con-full e-flex e-con e-child\" data-id=\"50310bf\" data-element_type=\"container\">\n\t\t\t\t<div class=\"elementor-element elementor-element-75162f5 elementor-widget elementor-widget-image\" data-id=\"75162f5\" data-element_type=\"widget\" data-widget_type=\"image.default\">\n\t\t\t\t<div class=\"elementor-widget-container\">\n\t\t\t\t\t\t\t\t\t\t\t\t\t\t\t<img decoding=\"async\" width=\"683\" height=\"1024\" src=\"https:\/\/villasolera.es\/wp-content\/uploads\/2025\/06\/Imagen-de-WhatsApp-2025-06-05-a-las-22.11.53_f975ab15-683x1024.jpg\" class=\"attachment-large size-large wp-image-1053\" alt=\"\" srcset=\"https:\/\/villasolera.es\/wp-content\/uploads\/2025\/06\/Imagen-de-WhatsApp-2025-06-05-a-las-22.11.53_f975ab15-683x1024.jpg 683w, https:\/\/villasolera.es\/wp-content\/uploads\/2025\/06\/Imagen-de-WhatsApp-2025-06-05-a-las-22.11.53_f975ab15-200x300.jpg 200w, https:\/\/villasolera.es\/wp-content\/uploads\/2025\/06\/Imagen-de-WhatsApp-2025-06-05-a-las-22.11.53_f975ab15-768x1151.jpg 768w, https:\/\/villasolera.es\/wp-content\/uploads\/2025\/06\/Imagen-de-WhatsApp-2025-06-05-a-las-22.11.53_f975ab15-1025x1536.jpg 1025w, https:\/\/villasolera.es\/wp-content\/uploads\/2025\/06\/Imagen-de-WhatsApp-2025-06-05-a-las-22.11.53_f975ab15-600x900.jpg 600w, https:\/\/villasolera.es\/wp-content\/uploads\/2025\/06\/Imagen-de-WhatsApp-2025-06-05-a-las-22.11.53_f975ab15.jpg 1366w\" sizes=\"(max-width: 683px) 100vw, 683px\" \/>\t\t\t\t\t\t\t\t\t\t\t\t\t\t\t<\/div>\n\t\t\t\t<\/div>\n\t\t\t\t<\/div>\n\t\t<div class=\"elementor-element elementor-element-eb13f16 e-con-full e-flex e-con e-child\" data-id=\"eb13f16\" data-element_type=\"container\">\n\t\t\t\t<div class=\"elementor-element elementor-element-80f04e6 elementor-widget elementor-widget-text-editor\" data-id=\"80f04e6\" data-element_type=\"widget\" data-widget_type=\"text-editor.default\">\n\t\t\t\t<div class=\"elementor-widget-container\">\n\t\t\t\t\t\t\t\t\t<p data-start=\"112\" data-end=\"445\">\n<\/p><h4>\ud83c\udfb6 <strong data-start=\"115\" data-end=\"165\">\u00a1Vive una experiencia musical \u00fanica con Luser!<\/strong> \ud83c\udfb8<\/h4>\n<div><br><\/div>\n<p>Luser es un m\u00fasico que combina lo mejor del <b><em data-start=\"215\" data-end=\"222\">indie<\/em> y el <em data-start=\"228\" data-end=\"233\">pop<\/em><\/b> en un formato ac\u00fastico con guitarra el\u00e9ctrica y voz. Su repertorio est\u00e1 lleno de canciones populares que todos conocemos y amamos, creando un ambiente cercano y emocionante que te har\u00e1 cantar de principio a fin.<\/p>\n<p data-start=\"447\" data-end=\"614\">Una hora y media de buena m\u00fasica, emociones y conexi\u00f3n con el p\u00fablico.<br data-start=\"517\" data-end=\"520\">\ud83d\udca1 <em data-start=\"523\" data-end=\"612\">Luser lleva todo el equipo necesario para que solo tengas que preocuparte de disfrutar.<\/em><\/p>\n<p data-start=\"618\" data-end=\"713\">\ud83d\udc49 Disponible para eventos, fiestas privadas, bares y m\u00e1s.<br data-start=\"676\" data-end=\"679\"><b>\ud83c\udfa4 <em data-start=\"682\" data-end=\"711\">Cach\u00e9: 300\u202f\u20ac por actuaci\u00f3n.<\/em><\/b><\/p>\n<p data-start=\"717\" data-end=\"804\"><b>\u00a1No te pierdas la oportunidad de llenar tu evento de buena energ\u00eda y grandes canciones!<\/b><\/p>\t\t\t\t\t\t\t\t<\/div>\n\t\t\t\t<\/div>\n\t\t\t\t<\/div>\n\t\t\t\t<\/div>\n\t\t\t\t\t<\/div>\n\t\t\t\t<\/div>\n\t\t\t\t<\/div>\n\t\t","protected":false},"excerpt":{"rendered":"<p>Rutas para realizar desde Villa Solera Para quienes se alojan en Villa Solera y son amantes de las bicicletas, existe la posibilidad de disfrutar de un emocionante circuito cerrado. Esta ruta inicia en Villa Solera, pasa por El Sabinar y regresa al mismo punto de partida. Es una excelente opci\u00f3n para combinar la comodidad de [&hellip;]<\/p>\n","protected":false},"author":1,"featured_media":0,"parent":0,"menu_order":0,"comment_status":"closed","ping_status":"closed","template":"","meta":{"_joinchat":[],"footnotes":""},"class_list":["post-20","page","type-page","status-publish","hentry"],"_links":{"self":[{"href":"https:\/\/villasolera.es\/index.php?rest_route=\/wp\/v2\/pages\/20","targetHints":{"allow":["GET"]}}],"collection":[{"href":"https:\/\/villasolera.es\/index.php?rest_route=\/wp\/v2\/pages"}],"about":[{"href":"https:\/\/villasolera.es\/index.php?rest_route=\/wp\/v2\/types\/page"}],"author":[{"embeddable":true,"href":"https:\/\/villasolera.es\/index.php?rest_route=\/wp\/v2\/users\/1"}],"replies":[{"embeddable":true,"href":"https:\/\/villasolera.es\/index.php?rest_route=%2Fwp%2Fv2%2Fcomments&post=20"}],"version-history":[{"count":38,"href":"https:\/\/villasolera.es\/index.php?rest_route=\/wp\/v2\/pages\/20\/revisions"}],"predecessor-version":[{"id":1060,"href":"https:\/\/villasolera.es\/index.php?rest_route=\/wp\/v2\/pages\/20\/revisions\/1060"}],"wp:attachment":[{"href":"https:\/\/villasolera.es\/index.php?rest_route=%2Fwp%2Fv2%2Fmedia&parent=20"}],"curies":[{"name":"wp","href":"https:\/\/api.w.org\/{rel}","templated":true}]}}